= 4*l - 234. Is l a composite number?
False
Suppose 3 = 4*n - 17. Let t(c) = -c + 2. Let u be t(n). Is (2 + 357/(-9))*u prime?
True
Let x = -104 + 523. Is x a prime number?
True
Let b = 178 - 116. Suppose a = -a + b. Is a a composite number?
False
Let n = 7 + -4. Let q be (n + 30)*(-4)/(-6). Suppose 4*u - 18 = q. Is u a composite number?
True
Let v = 38 + 153. Is v composite?
False
Let t be -3 + -2 + 111 - -3. Let o = -42 + t. Is o a composite number?
False
Let p = 6 - -4. Let w(b) = 11*b - 13. Is w(p) prime?
True
Let z = 3 + 2. Let f(i) = 18*i - 7. Let v be f(z). Suppose 37 = 2*p + 2*w + w, 4*p + 3*w = v. Is p a composite number?
False
Let y(z) = -z**3 - 8*z**2 - 8*z - 8. Let l(q) = -q + 2. Let s be l(9). Let g be y(s). Is (-1)/((g - 2)/231) composite?
True
Let o(r) = 21*r**3 - r + 1. Let p be o(1). Suppose -5*c + 839 = 2*i, 0*i + 15 = -5*i. Suppose 2*j - c = p. Is j prime?
False
Let o(s) = 329*s + 2. Is o(1) a composite number?
False
Let n = 20 + -20. Suppose 0 = -4*v + t + 2831, -v + 3*v - t - 1413 = n. Is v prime?
True
Let w = -166 - -248. Let n = w + -51. Is n a prime number?
True
Is 308/(-6)*(-6)/4 a composite number?
True
Suppose 395 = 3*h + i, 573 = 4*h + 4*i + 57. Is h composite?
True
Is 7/(-2*3/(-30)) a composite number?
True
Let i = 345 - -196. Is i composite?
False
Let t(q) = 17*q + 10. Is t(15) prime?
False
Suppose -5*k + 5*w + 3949 = -241, 2*k = -4*w + 1682. Is k a composite number?
False
Let m(n) = -n**2 + 2*n - 3. Let j be m(3). Let w = 8 + j. Suppose 0 = w*l - 79 + 9. Is l a prime number?
False
Suppose 2365 = 5*w - 7*h + 2*h, 0 = 3*h + 12. Is w composite?
True
Suppose 2*k + 2*k = -4*u + 508, 5*u - 635 = 5*k. Is u a composite number?
False
Let w = 0 - 2. Let g be (-3)/15 - w/10. Suppose -7 = -a - g*a. Is a composite?
False
Is ((-1285)/20)/((-1)/4) composite?
False
Is (964/8 + 3)*2 prime?
False
Suppose 0 = -2*t + w + 191, 0*t = 3*t - 5*w - 297. Is t composite?
True
Is (442 - (1 + -2))*2 a composite number?
True
Let h be ((-1)/3)/((-1)/471). Suppose -5*k - 20 = 0, 3*a - 3*k - h = k. Is a composite?
False
Let f(h) = h - 4. Let x be f(6). Is (x/3)/(2/201) prime?
True
Suppose -5*m + 12 = g, -4*g + 2*m = -2*m. Is 34 - ((g - 3) + 2) a prime number?
False
Let c be (-393)/9 - (-1)/(-3). Let x = 113 + c. Is x prime?
False
Suppose n = -3*u, -3*n + 4*u + 3 = -10. Suppose a + 2*y - 4*y - 1446 = 0, -3*y - 4347 = -n*a. Is a/16 + 2/8 composite?
True
Suppose 0 = q - 2*q. Suppose x - 119 = 55. Suppose -i - i + x = q. Is i a composite number?
True
Suppose 3*o - 4*c + 0*c = 4365, 0 = 3*o + 2*c - 4383. Is o a composite number?
False
Let z(i) = 11*i - 2. Let b(f) = f**2 - 4. Let x be b(3). Let u = 0 + x. Is z(u) composite?
False
Let t be (0 + 3)*(-8)/(-12). Suppose 0 = -r, t*i - r - 17 = 21. Is i prime?
True
Suppose -5*p + 129 = 19. Suppose b - p = 2*b. Let s = b - -59. Is s prime?
True
Let y(h) = 138*h**2 + h. Is y(1) composite?
False
Let d be ((-32)/(-20))/((-4)/(-10)). Suppose -5*z = -5*a + 25, -5 = -d*z + 3*z - 4*a. Is (1/z)/(5/(-1410)) a composite number?
True
Let v(i) = 3*i**2 + 12*i - 11. Is v(-10) composite?
True
Suppose -2*z + l + 5573 = 0, z + 5*l - 5555 = -z. Is z a composite number?
True
Is 149958/10 - 1 - (-18)/90 prime?
False
Suppose -4*t + 2694 = -c, 2*c - 1022 = -4*t + 1678. Is t a composite number?
True
Suppose 0 = u + 4*u + 15. Let w = -1 - u. Is (-23)/w*10*-1 composite?
True
Suppose 2*d = -t + 13, -3*d + 0*t = 5*t - 30. Suppose d*k + 2*p = -3*p + 395, 4*k = 5*p + 316. Is k a composite number?
False
Suppose q - 5*q = 3*h - 1036, -4*q + 3*h = -1060. Is q composite?
True
Suppose -2*h = -h - 121. Is h a composite number?
True
Suppose -2*b - 4*t = 10, 7*b - 20 = 5*b + 2*t. Suppose b*a = 3*p + 47, -a + 7 + 4 = -p. Is a a prime number?
True
Suppose t + 532 = 5*t. Is t a prime number?
False
Let n(s) be the second derivative of s**6/360 + s**5/30 - 5*s**4/12 - s**3/6 + s. Let h(k) be the second derivative of n(k). Is h(7) a composite number?
False
Let k = -7 + 13. Let y be (-124)/k + 3/(-9). Let l = y + 34. Is l a prime number?
True
Suppose 0 = -4*a + 902 + 1154. Is a/14 - 4/(-14) a prime number?
True
Suppose -4*s = o - 8*s - 141, -s + 371 = 3*o. Let i(r) = -68*r**3 + 2*r - 1. Let y be i(1). Let v = o + y. Is v a prime number?
False
Let z(l) = -165*l + 4. Is z(-15) a prime number?
False
Suppose 0 = 2*j - 4*j. Suppose j = 5*f + 4*d - 163, 2*d + 225 - 79 = 4*f. Is f prime?
False
Let w = -24 + 13. Let v = 23 + w. Is (-157)/(-3) + 8/v a prime number?
True
Suppose 2*s = -s - 33. Let j = -8 + 30. Let z = j + s. Is z a prime number?
True
Let m(x) = 6*x**3 - 6*x**2 + 8*x - 19. Is m(7) a prime number?
True
Let x = -13 + 8. Let q = x - -9. Suppose 5*b + 1 = 3*m - 2, q*b = 12. Is m a prime number?
False
Let i = 10 - 7. Suppose i*h + 5*o = 544 - 112, 2*o = 4*h - 602. Suppose 5*d = 4*d + h. Is d prime?
True
Let s = 128 + -46. Suppose -22 - 49 = -h + 4*u, -2*h - 4*u = -s. Is h a prime number?
False
Suppose 2*w - 71 = -3. Is w prime?
False
Let j(t) = -t**3 + 2*t**2 - t. Let p be j(1). Suppose p = b + b. Suppose b = -c - c + 318. Is c composite?
True
Let f be -4*-2*(-3)/(-6). Let d = f - -86. Suppose 4*n - 72 = 3*l, -2*n + d - 32 = 4*l. Is n prime?
False
Let v(g) = g**2 + 5*g + 5. Let b be v(-8). Suppose b - 1 = 4*u. Is u a composite number?
False
Suppose 803 = 2*i + 5*b, i - 3*b + 4*b - 406 = 0. Is i a prime number?
True
Let a = -6 + 7. Let k be a/(-3)*48/(-4). Suppose 6*h = -3*v + h + 173, 0 = -2*v + k*h + 86. Is v a prime number?
False
Suppose -a - 4*a = -3695. Is a prime?
True
Let j(u) = 18*u**3 + u**2 - 3*u + 3. Is j(2) prime?
False
Let l be 1*-2*9/(-6). Is (4/l)/(4/318) prime?
False
Let b = 1 - -2. Is (76 - (0 - b)) + -2 prime?
False
Let k be 152*(-3 - (-4)/2). Let c be k/(-2) + (-1)/(-1). Suppose 0*x + c = x. Is x a composite number?
True
Suppose -3*q = 2*z - 137, -4*z + 3*q + 266 = q. Suppose 0 = 3*m + 5*h - z + 168, -h = 5*m + 139. Let u = 46 + m. Is u composite?
False
Let h = 1 + -1. Suppose -4*w - w + 10 = h. Suppose w*s + 0*s = 70. Is s prime?
False
Suppose -4*n - 694 = -2*i, i + 1699 = 6*i - n. Let a be i/(-6) + 1/2. Let d = a - -93. Is d prime?
True
Is (-6)/9*126/(-4) composite?
True
Let j(o) be the second derivative of 7*o**4/4 + 2*o**3/3 - 4*o**2 - 4*o. Let w be j(-10). Suppose 4*g - 1160 = -4*u, -w = -5*g - u - 590. Is g composite?
False
Let r = -425 + 806. Is r a composite number?
True
Suppose y = 3*y + 10. Let p(k) be the third derivative of -4*k**4/3 + k**3/6 - 10*k**2. Is p(y) a composite number?
True
Let j(l) = -2*l**3 + l**2 + l. Let f be j(-1). Suppose 6 = f*d - q, 3*d + 5*q + 9 = 6*d. Is d composite?
False
Let t(i) = -i**3 + 2*i**2 + 2*i - 2. Let z(x) = x**2 + 4*x + 1. Let h be z(-3). Is t(h) a composite number?
True
Is -3*(-6)/(-9) + 421 a prime number?
True
Suppose 4*f = 4*i + 648, -2*i - 20 = 2*i. Is f composite?
False
Let v be (6/(-9))/(1/162). Let g = v + 167. Is g composite?
False
Suppose 8*m = 1580 + 1756. Is m a composite number?
True
Let h be (-10)/35 - 226/(-7). Suppose -12 = -4*w + h. Is w a composite number?
False
Let y be (27 + -1)*10/4. Suppose 3*r - 8*r = -20. Suppose r*c = 5*c - y. Is c a prime number?
False
Let z(v) = -v. Let k(o) = -4*o - 13. Let b(p) = -k(p) + 3*z(p). Is b(-6) composite?
False
Let p(c) = 1 - 19*c + 0 - 17*c. Is p(-6) a composite number?
True
Suppose -2*s - 2*s - 5*x + 6243 = 0, 2*x + 10 = 0. Is s a composite number?
False
Let u = 253 - -194. Is u a prime number?
False
Let z = -11 + -4. Is (-1026)/z + (-9)/(-15) prime?
False
Let x = 1652 + -927. Suppose 0 = -2*d - 3*d + x. Suppose 3*o = 2*o + d. Is o a prime number?
False
Let l(y) = 186*y**3 - y. Is l(1) prime?
False
Suppose 0 = l + l - 542. Is l a prime number?
True
Suppose 0 = 4*s - 5*z - 708, 5*s + 182 - 1067 = 4*z. Is s composite?
True
Let f = -3301 - -4812. Is f a composite number?
False
Let y = 4 + -5. Let o = -2 - y. Let v = 32 + o. Is v a prime number?
True
Suppose -2*p = 5*k - 1039, 2*p + 1294 = 5*k + 243. Is k prime?
False
Let l be 1/2 + (-9)/(-6). Let k(f) = 3*f + l - 5*f - 1 + 23*f**2. Is k(2) a composite number?
False
Let j(k) = k**2 - k. Let s(a) = -3*a**2 + 2*a + 7. Let y(x) = 4*j(x) + s(x). Let n be 6/(-33) + (-136)/(-22). Is y(n) prime?
True
Let x(z) = -z**2 + 6*z + 4. Let m be x(6). Suppose 4*y + 3*k = -0*k + 932, -5*y + m*